{"id":54,"date":"2021-12-08T15:50:17","date_gmt":"2021-12-08T14:50:17","guid":{"rendered":"https:\/\/patrimoine-avesnois.fr\/guide-culturel-avesnois\/?page_id=54"},"modified":"2021-12-16T10:44:29","modified_gmt":"2021-12-16T09:44:29","slug":"culturel","status":"publish","type":"page","link":"https:\/\/patrimoine-avesnois.fr\/guide-culturel-avesnois\/culturel\/","title":{"rendered":"culturel"},"content":{"rendered":"\n<p class=\"has-text-color\" style=\"color:#a35000\"><strong>Les Pratiques et Manifestations culturelles<\/strong><\/p>\n\n\n\n<p class=\"has-text-color\" style=\"color:#a35000\">1 Les Pratiques culturelles<\/p>\n\n\n\n<div class=\"wp-block-image\"><figure class=\"aligncenter\"><img decoding=\"async\" src=\"https:\/\/i2.wp.com\/photo.harmonie-lequesnoy.fr\/storage\/cache\/images\/001\/253\/Concert-de-Printemps-008,medium_large.1583510486.jpg?resize=440%2C292&amp;ssl=1\" alt=\"Concert-de-Printemps-008.jpg\"\/><figcaption>Concert 2016 Photo Harmonie Municipale Le Quesnoy<\/figcaption><\/figure><\/div>\n\n\n\n<p>La musique et la danse demeurent des \u00e9l\u00e9ments culturels fortement marqu\u00e9s dans notre r\u00e9gion en raison de deux traditions qui perdurent : les harmonies municipales d\u2019une part (l\u2019Harmonie municipale de Le Quesnoy est l\u2019une des plus ancienne soci\u00e9t\u00e9 musicale du nord de la France, l\u2019Union philarmonique Hautmontoise a \u00e9t\u00e9 fond\u00e9e en 1821), et les f\u00eates locales d\u2019autre part.<\/p>\n\n\n\n<div class=\"wp-block-image\"><figure class=\"aligncenter is-resized\"><img loading=\"lazy\" decoding=\"async\" src=\"https:\/\/i2.wp.com\/patrimoine-avesnois.fr\/chemin\/wp-content\/uploads\/2021\/12\/image-65.png?fit=840%2C523\" alt=\"\" class=\"wp-image-16643\" width=\"629\" height=\"392\"\/><\/figure><\/div>\n\n\n\n<p>Ainsi des \u00e9coles municipales de musique et\/ou de danse permettent l\u2019apprentissage et la transmission du savoir faire culturel. Des \u00e9coles d\u2019art plastique et des ateliers th\u00e9\u00e2tre compl\u00e8tent avec bonheur ce dispositif \u00e9ducatif.<\/p>\n\n\n\n<div class=\"wp-block-image\"><figure class=\"aligncenter size-full is-resized\"><img loading=\"lazy\" decoding=\"async\" src=\"https:\/\/patrimoine-avesnois.fr\/guide-culturel-avesnois\/wp-content\/uploads\/2021\/12\/image-17.png\" alt=\"\" class=\"wp-image-138\" width=\"504\" height=\"264\" srcset=\"https:\/\/patrimoine-avesnois.fr\/guide-culturel-avesnois\/wp-content\/uploads\/2021\/12\/image-17.png 556w, https:\/\/patrimoine-avesnois.fr\/guide-culturel-avesnois\/wp-content\/uploads\/2021\/12\/image-17-300x158.png 300w\" sizes=\"auto, (max-width: 504px) 100vw, 504px\" \/><figcaption><a href=\"https:\/\/sites.google.com\/view\/lacourdesdoges\/accueil\" data-type=\"URL\" data-id=\"https:\/\/sites.google.com\/view\/lacourdesdoges\/accueil\" target=\"_blank\" rel=\"noreferrer noopener\">La Cour des Doges Ensemble de l&rsquo;Avesnois<\/a><\/figcaption><\/figure><\/div>\n\n\n\n<p>Ecoles de musique : Anor, Aulnoye-Aymeries, Avesnes-sur-Helpe, Boussois, Feignies, Ferri\u00e8re-la-Grande, Ferri\u00e8re-la Petite, Fourmies, Jenlain, Jeumont, Louvroil, Marpent, Maubeuge, Recquignies, Rousies\u2026<\/p>\n\n\n\n<p>Ecoles de danse : Aulnoye-Aymeries, Bachant, Feignies, Fourmies, Jenlain, Pont-sur-Sambre\u2026<\/p>\n\n\n\n<p>Des \u00e9coles de th\u00e9\u00e2tre sont pr\u00e9sentes \u00e0 Anor, Aulnoye-Aymeries, Avesnes-sur-Helpe, Feignies, Fourmies et Jeumont. Le Th\u00e9\u00e2tre de Chambre 232U propose des&nbsp;ateliers Th\u00e9\u00e2tre&nbsp;au Conservatoire&nbsp;de Maubeuge.<\/p>\n\n\n\n<p>Arts plastiques :&nbsp;<a rel=\"noreferrer noopener\" href=\"http:\/\/www.idem-arts.com\/\" target=\"_blank\">Idem +&nbsp;<em>Arts<\/em><\/a>&nbsp;dans les murs du p\u00f4le culturel Henri-Lafitte \u00e0 Maubeuge, Atelier arts plastiques par Marie Chardin\u2026<\/p>\n\n\n\n<p>Arts contemporains : Idem +&nbsp;<em>Arts<\/em>&nbsp;\u00e0 Maubeuge, l\u2019association ExCentric au 9 rue du Commerce \u00e0 Maubeuge, la Chambre d\u2019Eau \u00e0 Le Favril, les Cent lieux d\u2019art \u00e0 Solre-Le-Ch\u00e2teau\u2026<\/p>\n\n\n\n<p>D\u2019autres \u00e9tablissements jouent un r\u00f4le essentiel dans ces pratiques culturelles : \u2013 la Ma\u00eetrise Bor\u00e9ale \u00e0 Avesnes-sur-Helpe, ch\u0153ur compos\u00e9 d\u2019une quarantaine de jeunes du coll\u00e8ge Renaud-Barrault d\u2019Avesnelles et des lyc\u00e9es du secteur, et chorale d\u2019une grande notori\u00e9t\u00e9 dans la r\u00e9gion; -le Conservatoire Marie Alexandre Gu\u00e9nin de Maubeuge, et -l\u2019Ecole de Musique et de Danse de Feignies.<\/p>\n\n\n\n<p>Les pratiques culturelles se mat\u00e9rialisent \u00e9galement par d\u2019innombrables ateliers qu\u2019animent ces porteurs de sens que sont les acteurs culturels (ateliers de contes qu\u2019ils soient d\u2019enfants, en famille, en musique, ateliers de jeux de d\u00e9couverte, de vid\u00e9o, de yoga etc). L\u2019initiation \u00e0 la danse ou \u00e0 la musique issues d\u2019autres continents aux coutumes tr\u00e8s diff\u00e9rentes est un volet socio-culturel tr\u00e8s \u00e9ducationnel. La culture devient un domaine tr\u00e8s ouvert qui a le privil\u00e8ge de cr\u00e9er du lien de proximit\u00e9, de connaissance et de respect de chacun.<\/p>\n\n\n\n<p class=\"has-text-color\" style=\"color:#a35000\">2 Les Principales Manifestations culturelles<\/p>\n\n\n\n<p>Ces \u00e9v\u00e9nements culturels s\u2019orientent vers la musique, le th\u00e9\u00e2tre, la danse, la lecture ou bien encore vers la d\u00e9couverte du patrimoine.<\/p>\n\n\n\n<p>Certains pr\u00e9sentent une plus importante notori\u00e9t\u00e9 :<\/p>\n\n\n\n<ul class=\"wp-block-list\"><li>le festival des Nuits Secr\u00e8tes \u00e0 Aulnoye-Aymeries, propose sur 3 jours en ao\u00fbt des concerts et des animations de rues et constitue un des festivals majeurs de la r\u00e9gion<\/li><\/ul>\n\n\n\n<div class=\"wp-block-image\"><figure class=\"aligncenter is-resized\"><img loading=\"lazy\" decoding=\"async\" src=\"https:\/\/patrimoine-avesnois.fr\/guide-culturel-avesnois\/wp-content\/uploads\/2021\/12\/image-4.png\" alt=\"L\u2019attribut alt de cette image est vide, son nom de fichier est image-4.png.\" width=\"362\" height=\"202\"\/><figcaption> \u00a9 Nuits Secr\u00e8tes <\/figcaption><\/figure><\/div>\n\n\n\n<ul class=\"wp-block-list\"><li>les Folies de Maubeuge, avec en juin cinq jours de concerts et de spectacles pour la plupart gratuits (th\u00e9\u00e2tre de rue, danse, cirque\u2026)<\/li><\/ul>\n\n\n\n<div class=\"wp-block-image\"><figure class=\"aligncenter\"><img decoding=\"async\" src=\"https:\/\/patrimoine-avesnois.fr\/guide-culturel-avesnois\/wp-content\/uploads\/2021\/12\/image-5.png\" alt=\"L\u2019attribut alt de cette image est vide, son nom de fichier est image-5.png.\"\/><figcaption>Festival 2017<\/figcaption><\/figure><\/div>\n\n\n\n<ul class=\"wp-block-list\"><li>le festival Joly Jazz, port\u00e9 par la commune d\u2019Eppe-Sauvage, le d\u00e9partement du Nord, l\u2019\u00e9comus\u00e9e de l\u2019avesnois et le Val Joly, pr\u00e9sent\u00e9 en partenariat avec l\u2019association Bougez Rock. Il propose dans une atmosph\u00e8re po\u00e9tique, bucolique et d\u00e9coiffante concerts et animations sur 8 jours en juillet dans plusieurs communes de l\u2019Avesnois <\/li><\/ul>\n\n\n\n<div class=\"wp-block-image\"><figure class=\"aligncenter is-resized\"><img loading=\"lazy\" decoding=\"async\" src=\"https:\/\/patrimoine-avesnois.fr\/guide-culturel-avesnois\/wp-content\/uploads\/2021\/12\/image-6.png\" alt=\"L\u2019attribut alt de cette image est vide, son nom de fichier est image-6.png.\" width=\"294\" height=\"419\"\/><figcaption><a href=\"https:\/\/cacestculte.com\/joly-jazz-en-avesnois-2021-paar-bougez-rock\/\" data-type=\"URL\" data-id=\"https:\/\/cacestculte.com\/joly-jazz-en-avesnois-2021-paar-bougez-rock\/\" target=\"_blank\" rel=\"noreferrer noopener\">Programme 2021<\/a> d e Joly Jazz en Avesnois par Bougez Rock cacestculte.com <\/figcaption><\/figure><\/div>\n\n\n\n<ul class=\"wp-block-list\"><li>la Journ\u00e9e du Livre R\u00e9gional, \u00e0 Etr\u0153ungt, rassemble en novembre auteurs de livres d\u00e9di\u00e9s \u00e0 la r\u00e9gion et amateurs litt\u00e9raires<\/li><\/ul>\n\n\n\n<div class=\"wp-block-image\"><figure class=\"aligncenter size-full is-resized\"><img loading=\"lazy\" decoding=\"async\" src=\"https:\/\/patrimoine-avesnois.fr\/guide-culturel-avesnois\/wp-content\/uploads\/2021\/12\/image-2.png\" alt=\"\" class=\"wp-image-113\" width=\"290\" height=\"415\" srcset=\"https:\/\/patrimoine-avesnois.fr\/guide-culturel-avesnois\/wp-content\/uploads\/2021\/12\/image-2.png 517w, https:\/\/patrimoine-avesnois.fr\/guide-culturel-avesnois\/wp-content\/uploads\/2021\/12\/image-2-209x300.png 209w\" sizes=\"auto, (max-width: 290px) 100vw, 290px\" \/><\/figure><\/div>\n\n\n\n<ul class=\"wp-block-list\"><li>la f\u00eate du Livre jeunesse est organis\u00e9e en d\u00e9cembre par la ville de Maubeuge, avec les librairies Vauban et l\u2019association Par mots et merveilles.(Illustrations \u00e0 partir de livres pour les 5 \u00e0 8 ans, atelier d\u2019\u00e9criture pour les jeunes de 8 \u00e0 11 ans, la f\u00eate des Doudous un spectacle participatif et musical pour les tout-petits, ateliers cr\u00e9atifs et ludiques, contes, spectacles de marionnettes etc)<\/li><\/ul>\n\n\n\n<div class=\"wp-block-image\"><figure class=\"aligncenter size-full is-resized\"><img loading=\"lazy\" decoding=\"async\" src=\"https:\/\/patrimoine-avesnois.fr\/guide-culturel-avesnois\/wp-content\/uploads\/2021\/12\/image-3.png\" alt=\"\" class=\"wp-image-114\" width=\"291\" height=\"412\" srcset=\"https:\/\/patrimoine-avesnois.fr\/guide-culturel-avesnois\/wp-content\/uploads\/2021\/12\/image-3.png 554w, https:\/\/patrimoine-avesnois.fr\/guide-culturel-avesnois\/wp-content\/uploads\/2021\/12\/image-3-212x300.png 212w\" sizes=\"auto, (max-width: 291px) 100vw, 291px\" \/><\/figure><\/div>\n\n\n\n<ul class=\"wp-block-list\"><li>la vente de livres \u00e0 Larouilies <\/li><\/ul>\n\n\n\n<div class=\"wp-block-image\"><figure class=\"aligncenter size-full is-resized\"><img loading=\"lazy\" decoding=\"async\" src=\"https:\/\/patrimoine-avesnois.fr\/guide-culturel-avesnois\/wp-content\/uploads\/2021\/12\/image-20.png\" alt=\"\" class=\"wp-image-147\" width=\"284\" height=\"447\" srcset=\"https:\/\/patrimoine-avesnois.fr\/guide-culturel-avesnois\/wp-content\/uploads\/2021\/12\/image-20.png 379w, https:\/\/patrimoine-avesnois.fr\/guide-culturel-avesnois\/wp-content\/uploads\/2021\/12\/image-20-191x300.png 191w\" sizes=\"auto, (max-width: 284px) 100vw, 284px\" \/><\/figure><\/div>\n\n\n\n<p> <li>vente de livres \u00e9galement par l&rsquo;association de sauvegarde du patrimoine de Dourlers d&rsquo;Hier et d&rsquo;Aujourd&rsquo;hui, en octobre<\/li><\/p>\n\n\n\n<div class=\"wp-block-image\"><figure class=\"aligncenter size-full\"><img loading=\"lazy\" decoding=\"async\" width=\"316\" height=\"214\" src=\"https:\/\/patrimoine-avesnois.fr\/guide-culturel-avesnois\/wp-content\/uploads\/2021\/12\/image-21.png\" alt=\"\" class=\"wp-image-148\" srcset=\"https:\/\/patrimoine-avesnois.fr\/guide-culturel-avesnois\/wp-content\/uploads\/2021\/12\/image-21.png 316w, https:\/\/patrimoine-avesnois.fr\/guide-culturel-avesnois\/wp-content\/uploads\/2021\/12\/image-21-300x203.png 300w\" sizes=\"auto, (max-width: 316px) 100vw, 316px\" \/><\/figure><\/div>\n\n\n\n<ul class=\"wp-block-list\"><li>le festival Rock\u2019n\u2019Kiosk \u00e0 Bavay organis\u00e9 par l&rsquo;association Les Amis du Kiosqu<\/li><\/ul>\n\n\n\n<div class=\"wp-block-image\"><figure class=\"aligncenter size-full is-resized\"><img loading=\"lazy\" decoding=\"async\" src=\"https:\/\/patrimoine-avesnois.fr\/guide-culturel-avesnois\/wp-content\/uploads\/2021\/12\/image-8.png\" alt=\"\" class=\"wp-image-125\" width=\"273\" height=\"406\"\/><figcaption>Photo <em>Anne Debaisieux<\/em> <\/figcaption><\/figure><\/div>\n\n\n\n<ul class=\"wp-block-list\"><li>le festival Harpe en Avesnois \u00e0 Maubeuge avec pr\u00e9sentation et programme sur leur site<a href=\"https:\/\/harpeenavesnois.com\/\" target=\"_blank\" rel=\"noreferrer noopener\"> https:\/\/harpeenavesnois.com\/<\/a><\/li><\/ul>\n\n\n\n<div class=\"wp-block-image\"><figure class=\"aligncenter size-full is-resized\"><img loading=\"lazy\" decoding=\"async\" src=\"https:\/\/patrimoine-avesnois.fr\/guide-culturel-avesnois\/wp-content\/uploads\/2021\/12\/image-10.png\" alt=\"\" class=\"wp-image-127\" width=\"436\" height=\"338\" srcset=\"https:\/\/patrimoine-avesnois.fr\/guide-culturel-avesnois\/wp-content\/uploads\/2021\/12\/image-10.png 581w, https:\/\/patrimoine-avesnois.fr\/guide-culturel-avesnois\/wp-content\/uploads\/2021\/12\/image-10-300x233.png 300w\" sizes=\"auto, (max-width: 436px) 100vw, 436px\" \/><figcaption>Photo du flyer du festival 2021 Cr\u00e9dit photo : St\u00e9phane Ouzounoff<\/figcaption><\/figure><\/div>\n\n\n\n<ul class=\"wp-block-list\"><li>le festival des Feron\u2019Arts \u00e0 F\u00e9ron, association qui tous les deux ans pendant quatre jours c\u00e9l\u00e8bre la rencontre des arts et le m\u00e9lange des genres avec plus de 20 spectacles, 10 000 festivaliers et une soixantaine d&rsquo; artistes et d&rsquo;artisans install\u00e9s chez l&rsquo;habitant.&nbsp;Voir la page <a rel=\"noreferrer noopener\" href=\"https:\/\/fr-fr.facebook.com\/FeronArts\/\" data-type=\"URL\" data-id=\"https:\/\/fr-fr.facebook.com\/FeronArts\/\" target=\"_blank\">Facebook<\/a><\/li><\/ul>\n\n\n\n<div class=\"wp-block-image\"><figure class=\"aligncenter size-full is-resized\"><img loading=\"lazy\" decoding=\"async\" src=\"https:\/\/patrimoine-avesnois.fr\/guide-culturel-avesnois\/wp-content\/uploads\/2021\/12\/image-11.png\" alt=\"\" class=\"wp-image-128\" width=\"291\" height=\"443\" srcset=\"https:\/\/patrimoine-avesnois.fr\/guide-culturel-avesnois\/wp-content\/uploads\/2021\/12\/image-11.png 322w, https:\/\/patrimoine-avesnois.fr\/guide-culturel-avesnois\/wp-content\/uploads\/2021\/12\/image-11-197x300.png 197w\" sizes=\"auto, (max-width: 291px) 100vw, 291px\" \/><\/figure><\/div>\n\n\n\n<ul class=\"wp-block-list\"><li>le festival Le Quesnoy en chanteurs, festival humaniste cr\u00e9\u00e9 en 1996 au Quesnoy &nbsp;qui propose les chansons fran\u00e7aises d\u00e9fendant une certaine po\u00e9sie et ce \u00e0 travers fid\u00e9lit\u00e9s, d\u00e9couvertes et talents reconnus. Voir la page <a rel=\"noreferrer noopener\" href=\"https:\/\/fr-fr.facebook.com\/lequesnoyenchanteurs\/\" data-type=\"URL\" data-id=\"https:\/\/fr-fr.facebook.com\/lequesnoyenchanteurs\/\" target=\"_blank\">Facebook<\/a>. Voir aussi la <a rel=\"noreferrer noopener\" href=\"https:\/\/www.larevueduspectacle.fr\/Le-Quesnoy-en-chanteur-s-Dix-huit-ans-et-toutes-ses-chansons-_a858.html\" data-type=\"URL\" data-id=\"https:\/\/www.larevueduspectacle.fr\/Le-Quesnoy-en-chanteur-s-Dix-huit-ans-et-toutes-ses-chansons-_a858.html\" target=\"_blank\">revue spectacle de 2013<\/a> et le <a rel=\"noreferrer noopener\" href=\"http:\/\/www.nosenchanteurs.eu\/index.php\/2016\/11\/23\/le-quesnoy-en-chanteurs-2016-un-festival-humaniste-qui-irradie-au-dela-des-remparts\/\" data-type=\"URL\" data-id=\"http:\/\/www.nosenchanteurs.eu\/index.php\/2016\/11\/23\/le-quesnoy-en-chanteurs-2016-un-festival-humaniste-qui-irradie-au-dela-des-remparts\/\" target=\"_blank\">festival 2016<\/a> nous permettant d&rsquo;appr\u00e9hender le programme tr\u00e8s \u00e9clectique de ce festival de chanson fran\u00e7aise qui se d\u00e9roule dans l&rsquo;\u00e9crin du Th\u00e9\u00e2tre des Trois Ch\u00eanes<\/li><\/ul>\n\n\n\n<div class=\"wp-block-image\"><figure class=\"aligncenter size-full is-resized\"><img loading=\"lazy\" decoding=\"async\" src=\"https:\/\/patrimoine-avesnois.fr\/guide-culturel-avesnois\/wp-content\/uploads\/2021\/12\/image-14.png\" alt=\"\" class=\"wp-image-132\" width=\"444\" height=\"296\" srcset=\"https:\/\/patrimoine-avesnois.fr\/guide-culturel-avesnois\/wp-content\/uploads\/2021\/12\/image-14.png 592w, https:\/\/patrimoine-avesnois.fr\/guide-culturel-avesnois\/wp-content\/uploads\/2021\/12\/image-14-300x200.png 300w\" sizes=\"auto, (max-width: 444px) 100vw, 444px\" \/><figcaption>Thierry Garcia dans la<em>&nbsp;Cantate pour un coeur bleu<\/em> (photo 2016 Christiane Delacourte)<\/figcaption><\/figure><\/div>\n\n\n\n<ul class=\"wp-block-list\"><li>le festival de Jazz de Maubeuge cr\u00e9\u00e9 en 1993 est un festival d&rsquo;une semaine  consacr\u00e9 au jazz par le th\u00e9\u00e2tre du Man\u00e8ge. Ainsi du 23 au 31 d\u00e9cembre 2021 il comprenait trois concerts et quatre conf\u00e9rences concerts dont la ville de Jeumont et l\u2019association Bougez-Rock \u00e9taient partenaires <\/li><\/ul>\n\n\n\n<div class=\"wp-block-image\"><figure class=\"aligncenter is-resized\"><img loading=\"lazy\" decoding=\"async\" src=\"https:\/\/lvdneng.rosselcdn.net\/sites\/default\/files\/dpistyles_v2\/ena_16_9_in_line\/2021\/11\/19\/node_1101375\/54069870\/public\/2021\/11\/19\/B9729045184Z.1_20211119111304_000%2BG40JC7K98.1-0.jpg?itok=7td0S_ir1637316791\" alt=\"Maubeuge-Jeumont: avec le th\u00e9\u00e2tre du Man\u00e8ge, du jazz \u00e0 tous les \u00e9tages\" width=\"400\" height=\"269\"\/><figcaption>Photo La Voix du Nord Article G\u00e9rald Deflandre&nbsp;|&nbsp;Publi\u00e9 le21\/11\/2021<\/figcaption><\/figure><\/div>\n\n\n\n<ul class=\"wp-block-list\"><li>le festival Plein Sud organis\u00e9 par les 4 sites de l\u2019\u00e9comus\u00e9e de l\u2019avesnois (Fourmies \u2013 Tr\u00e9lon \u2013 Sains-du-Nord et Felleries) avec au programme &nbsp;spectacles de marionnettes, th\u00e9\u00e2tre, contes, comptines, concerts, d\u00e9monstrations, ateliers cr\u00e9atifs, jeux pour toute la famille, balades nature, circuit de d\u00e9couverte du sud-Avesnois..<\/li><\/ul>\n\n\n\n<div class=\"wp-block-image\"><figure class=\"aligncenter size-full is-resized\"><img loading=\"lazy\" decoding=\"async\" src=\"https:\/\/patrimoine-avesnois.fr\/guide-culturel-avesnois\/wp-content\/uploads\/2021\/12\/image-12.png\" alt=\"\" class=\"wp-image-130\" width=\"317\" height=\"440\" srcset=\"https:\/\/patrimoine-avesnois.fr\/guide-culturel-avesnois\/wp-content\/uploads\/2021\/12\/image-12.png 345w, https:\/\/patrimoine-avesnois.fr\/guide-culturel-avesnois\/wp-content\/uploads\/2021\/12\/image-12-216x300.png 216w\" sizes=\"auto, (max-width: 317px) 100vw, 317px\" \/><\/figure><\/div>\n\n\n\n<ul class=\"wp-block-list\"><li>le festival international au Man\u00e8ge de Maubeuge en mars propose des  pi\u00e8ces de th\u00e9\u00e2tre, concerts, danse et arts \u00e9lectroniques de l\u2019ensemble de l\u2019Europe<\/li><\/ul>\n\n\n\n<div class=\"wp-block-image\"><figure class=\"aligncenter size-full is-resized\"><img loading=\"lazy\" decoding=\"async\" src=\"https:\/\/patrimoine-avesnois.fr\/guide-culturel-avesnois\/wp-content\/uploads\/2021\/12\/image-15.png\" alt=\"\" class=\"wp-image-133\" width=\"301\" height=\"445\" srcset=\"https:\/\/patrimoine-avesnois.fr\/guide-culturel-avesnois\/wp-content\/uploads\/2021\/12\/image-15.png 291w, https:\/\/patrimoine-avesnois.fr\/guide-culturel-avesnois\/wp-content\/uploads\/2021\/12\/image-15-203x300.png 203w\" sizes=\"auto, (max-width: 301px) 100vw, 301px\" \/><\/figure><\/div>\n\n\n\n<ul class=\"wp-block-list\"><li>les Transfrontali\u00e8res Chimay-Fourmies-Hirson. Lanc\u00e9e en 1996 cette coop\u00e9ration originale entre les trois communes et cette collaboration transfrontali\u00e8re proposait des spectacles privil\u00e9giant l&rsquo;originalit\u00e9. Cette collaboration durera 22 ans, avant que Fourmies ne fasse bande \u00e0 part en 2018, avec sa propre saison culturelle. <\/li><\/ul>\n\n\n\n<div class=\"wp-block-image\"><figure class=\"aligncenter size-full is-resized\"><img loading=\"lazy\" decoding=\"async\" src=\"https:\/\/patrimoine-avesnois.fr\/guide-culturel-avesnois\/wp-content\/uploads\/2021\/12\/image-16.png\" alt=\"\" class=\"wp-image-134\" width=\"332\" height=\"429\"\/><\/figure><\/div>\n\n\n\n<p>Depuis cinq villes participent aux Transfrontali\u00e8res : Anor, Tr\u00e9lon, Hirson et les deux villes belges de Momignies et de Chimay.<\/p>\n\n\n\n<div class=\"wp-block-image\"><figure class=\"aligncenter is-resized\"><img loading=\"lazy\" decoding=\"async\" src=\"https:\/\/p7.storage.canalblog.com\/70\/02\/118811\/124580872.jpg\" alt=\"TRANSFRONTALI\u00c8RES 2019 invitation\" width=\"400\" height=\"191\"\/><\/figure><\/div>\n\n\n\n<p class=\"has-text-align-center\">***<\/p>\n\n\n\n<p>Profitons ici pour signaler l\u2019organisation par la biblioth\u00e8que Anima-livres d\u2019un premier salon-brocante de la bande dessin\u00e9e \u00e0 Jolimetz en d\u00e9cembre 2021. Ce rendez-vous interg\u00e9n\u00e9rationnel tr\u00e8s prometteur a attir\u00e9 une dizaine de brocanteurs venus principalement de la r\u00e9gion lilloise, mais aussi des exposants locaux ainsi que des invit\u00e9s cr\u00e9ateurs. Une premi\u00e8re exp\u00e9rience tr\u00e8s r\u00e9ussie qui en demande d\u2019autres.<\/p>\n\n\n\n<p>Dans le domaine de la d\u00e9couverte du patrimoine certains mus\u00e9es organisent des activit\u00e9s et des stages (Stages Perles de Verre au Mus Verre de Sars Poteries, les Souffles de Verre \u00e0 l\u2019atelier-mus\u00e9e du verre&nbsp;de&nbsp;Tr\u00e9lon\u2026). Ils peuvent encore accueillir des artistes pr\u00e9sentant leurs \u0153uvres au public dans une ambiance festive et chaleureuse (les biennales dirig\u00e9es par Association des Amis du&nbsp;<em>M<\/em>us&nbsp;<em>V<\/em>erre de Sars-Poteries). Depuis 2008 l\u2019\u00e9comus\u00e9e de l\u2019avesnois propose \u00ab&nbsp;Les Estivales&nbsp;\u00bb, un festival d\u2019animations ludiques et cr\u00e9atives autour du textile, de la pierre et du bois.<\/p>\n\n\n\n<p class=\"has-text-color\" style=\"color:#a35000\">3 Sensibilisation culturelle  et promotion de la culture num\u00e9rique aupr\u00e8s des Jeunes  <\/p>\n\n\n\n<p>Soulignons l\u2019importance de sensibiliser le tr\u00e8s jeune public \u00e0 ces ateliers de culture et \u00e0 ces \u00e9v\u00e8nements \u00e0 travers des spectacles vivants r\u00e9serv\u00e9s \u00e0 la Petite Enfance comme ceux r\u00e9alis\u00e9s fin 2021 par la&nbsp;<em>Compagnie Bonnes Intentions&nbsp;<\/em>\u00e0 la Maison des Fondations \u00e0 Bellignies (\u00ab&nbsp;Petit bleu et petit jaune&nbsp;\u00bb) ou par la&nbsp;<em>Compagnie du Chat Bada<\/em>&nbsp;en la salle des f\u00eates d\u2019Orsinval (\u00ab&nbsp;Tout et son contraire&nbsp;\u00bb). Citons ici le cirque, le conte, les marionnettes\u2026<\/p>\n\n\n\n<div class=\"wp-block-image\"><figure class=\"aligncenter is-resized\"><img loading=\"lazy\" decoding=\"async\" src=\"https:\/\/i2.wp.com\/patrimoine-avesnois.fr\/chemin\/wp-content\/uploads\/2021\/12\/image-32-1.png?w=840\" alt=\"\" class=\"wp-image-16543\" width=\"370\" height=\"509\"\/><\/figure><\/div>\n\n\n\n<p>En ce qui concerne les 18-30 ans, particuli\u00e8rement investis dans une diversit\u00e9 d\u2019activit\u00e9s artistiques cr\u00e9atives en amateur (travaux manuels, danse, chant, etc.), ils aiment cumuler ces pratiques cr\u00e9atives \u00e0 la fois avec des activit\u00e9s culturelles num\u00e9riques et des activit\u00e9s plus traditionnelles (lecture, cin\u00e9ma, biblioth\u00e8que, mus\u00e9es, concerts).  Ces nombreuses pratiques et manifestations culturelles de notre territoire leur offrent ainsi le plaisir de sortir de chez eux et d\u2019interagir avec d\u2019autres lieux et personnes.<\/p>\n\n\n\n<p>Enfin pour conclure, cette rubrique vous d\u00e9cidera peut \u00eatre quelque soit votre \u00e2ge \u00e0 participer \u00e0 des ateliers en compagnie d\u2019artistes professionnels et de d\u00e9velopper de mani\u00e8re ludique vos comp\u00e9tences. A moins que ce m\u00e9morandum vous aide dans le choix de vos prochaines sorties culturelles  ou vous incite \u00e0 cr\u00e9er votre propre projet culturel en participant \u00e0 des concours ou en b\u00e9n\u00e9ficiant&nbsp;d\u2019un soutien et d\u2019un accompagnement.<\/p>\n","protected":false},"excerpt":{"rendered":"<p>Les Pratiques et Manifestations culturelles 1 Les Pratiques culturelles La musique et la danse demeurent des \u00e9l\u00e9ments culturels fortement marqu\u00e9s dans notre r\u00e9gion en raison de deux traditions qui perdurent : les harmonies municipales d\u2019une part (l\u2019Harmonie municipale de Le Quesnoy est l\u2019une des plus ancienne soci\u00e9t\u00e9 musicale du nord de la France, l\u2019Union philarmonique &hellip; <a href=\"https:\/\/patrimoine-avesnois.fr\/guide-culturel-avesnois\/culturel\/\" class=\"more-link\">Continuer la lecture de <span class=\"screen-reader-text\">culturel<\/span>  <span class=\"meta-nav\">&rarr;<\/span><\/a><\/p>\n","protected":false},"author":1,"featured_media":0,"parent":0,"menu_order":0,"comment_status":"closed","ping_status":"closed","template":"","meta":{"footnotes":""},"class_list":["post-54","page","type-page","status-publish","hentry"],"jetpack_sharing_enabled":true,"_links":{"self":[{"href":"https:\/\/patrimoine-avesnois.fr\/guide-culturel-avesnois\/wp-json\/wp\/v2\/pages\/54","targetHints":{"allow":["GET"]}}],"collection":[{"href":"https:\/\/patrimoine-avesnois.fr\/guide-culturel-avesnois\/wp-json\/wp\/v2\/pages"}],"about":[{"href":"https:\/\/patrimoine-avesnois.fr\/guide-culturel-avesnois\/wp-json\/wp\/v2\/types\/page"}],"author":[{"embeddable":true,"href":"https:\/\/patrimoine-avesnois.fr\/guide-culturel-avesnois\/wp-json\/wp\/v2\/users\/1"}],"replies":[{"embeddable":true,"href":"https:\/\/patrimoine-avesnois.fr\/guide-culturel-avesnois\/wp-json\/wp\/v2\/comments?post=54"}],"version-history":[{"count":11,"href":"https:\/\/patrimoine-avesnois.fr\/guide-culturel-avesnois\/wp-json\/wp\/v2\/pages\/54\/revisions"}],"predecessor-version":[{"id":149,"href":"https:\/\/patrimoine-avesnois.fr\/guide-culturel-avesnois\/wp-json\/wp\/v2\/pages\/54\/revisions\/149"}],"wp:attachment":[{"href":"https:\/\/patrimoine-avesnois.fr\/guide-culturel-avesnois\/wp-json\/wp\/v2\/media?parent=54"}],"curies":[{"name":"wp","href":"https:\/\/api.w.org\/{rel}","templated":true}]}}