{"id":106,"date":"2021-05-04T12:36:53","date_gmt":"2021-05-04T10:36:53","guid":{"rendered":"http:\/\/patrimoine-avesnois.fr\/moulins-vent\/?page_id=106"},"modified":"2021-05-04T12:36:53","modified_gmt":"2021-05-04T10:36:53","slug":"noyelles-sur-sambre","status":"publish","type":"page","link":"https:\/\/patrimoine-avesnois.fr\/moulins-vent\/noyelles-sur-sambre\/","title":{"rendered":"Noyelles-sur-Sambre"},"content":{"rendered":"\n<p class=\"has-bright-red-color has-text-color has-medium-font-size\"><strong>Le Moulin \u00e0 vent de Noyelles-sur-Sambre :<\/strong><\/p>\n\n\n\n<div class=\"wp-block-image\"><figure class=\"aligncenter\"><img decoding=\"async\" src=\"https:\/\/i1.wp.com\/patrimoine-avesnois.fr\/chemin\/wp-content\/uploads\/2021\/04\/Capture-6.jpg?resize=840%2C630\" alt=\"\" class=\"wp-image-12281\"\/><figcaption>Cadastre Noyelles-sur-Sambre 1812 ADN P 31 \/ 749 Moulin \u00e0 vent S B 86&nbsp;<a rel=\"noreferrer noopener\" href=\"https:\/\/archivesdepartementales.lenord.fr\/ark:\/33518\/s1q2mk0jv4pb\/163880c0-3161-4f9b-a755-425ab4485ae3\" target=\"_blank\">Vue 4\/11<\/a><\/figcaption><\/figure><\/div>\n\n\n\n<div class=\"wp-block-image\"><figure class=\"aligncenter\"><img decoding=\"async\" src=\"https:\/\/i0.wp.com\/patrimoine-avesnois.fr\/chemin\/wp-content\/uploads\/2021\/04\/Capture-7.jpg?resize=840%2C630\" alt=\"\" class=\"wp-image-12282\"\/><figcaption>Position fictive du Moulin \u00e0 vent de Noyelles-sur-Sambre sur une carte actuelle<\/figcaption><\/figure><\/div>\n\n\n\n<div class=\"wp-block-image\"><figure class=\"aligncenter\"><img decoding=\"async\" src=\"https:\/\/i2.wp.com\/patrimoine-avesnois.fr\/chemin\/wp-content\/uploads\/2021\/04\/Capture-8.jpg?resize=840%2C630\" alt=\"\" class=\"wp-image-12283\"\/><figcaption>Endroit o\u00f9 se dressait le Moulin \u00e0 vent de Noyelles-sur-Sambre (derri\u00e8re cette maison)&nbsp;<a href=\"https:\/\/www.google.fr\/maps\/@50.1618825,3.8041298,3a,90y,282.65h,94.96t\/data=!3m6!1e1!3m4!1scXcVtUsO9RJUTr-ze-sbyg!2e0!7i16384!8i8192\" target=\"_blank\" rel=\"noreferrer noopener\">Grand\u2019Rue<\/a><\/figcaption><\/figure><\/div>\n\n\n\n<p>S\u00e9bastien ROGER (\u00b01735 + 1809 Taisni\u00e8res-en- Thi\u00e9rache) mari\u00e9 avec Marie Joseph LEBON (\u00b01730 Croix-Caluyau + 1803 Noyelles-sur-Sambre) est meunier \u00e0 Taisni\u00e8res-en-Thi\u00e9rache en 1780 (1). Il sollicite en 1791 l\u2019autorisation de faire b\u00e2tir un moulin \u00e0 vent sur un terrain lui appartenant \u00e0 Noyelles-sur-Sambre. Il obtient l\u2019accord aupr\u00e8s des administrateurs composant le Directoire du D\u00e9partement du Nord r\u00e9unis lors de la s\u00e9ance du 10 D\u00e9cembre 1791 \u00e0 Douay (2). Son fils Thomas en est le meunier en 1808 (3). Thomas et ses s\u0153urs Marie-Joseph, Henriette, Marie-Fran\u00e7oise, Gabrielle, Anne, Marie-Th\u00e9r\u00e8se, Catherine vendent le moulin \u00e0 vent de Noyelles en 1811 \u00e0 Humbert EVRARD, propri\u00e9taire \u00e0 Noyelles (4). Celui-ci (\u00b01760 +1831) est propri\u00e9taire de la cense Renaut-Folie et il loue le moulin \u00e0 Jean-Baptiste Cras en 1820 (5) avant de le vendre quelques ann\u00e9es plus tard \u00e0 Henri HALLEZ originaire de Bousies, meunier et mari\u00e9 avec Maxellence LELEUX (6). Henri HALLEZ d\u00e9c\u00e8de le 8 avril 1837 \u00e0 Berlaimont laissant \u00e0 ses trois enfants : Henry, Adolphe Joseph Ren\u00e9 et Palmyre-C\u00e9sarine la nue propri\u00e9t\u00e9 d\u2019une maison, d\u2019un jardin de 8 ares et d\u2019un moulin et l\u2019usufruit \u00e0 son \u00e9pouse (7). Le moulin \u00e0 vent est renvers\u00e9 par l\u2019ouragan du 16 mars 1876 et le Journal L\u2019Observateur du 26 mars qui suit annonce sa vente complet ou en pi\u00e8ces avec meule anglaise.<\/p>\n\n\n\n<p>(1) : ADN NMD Taisni\u00e8res 1793-1830 5 Mi 001 R 030 Mariage de sa fille Henriette avec Jacques Michaux&nbsp;<a rel=\"noreferrer noopener\" href=\"https:\/\/archivesdepartementales.lenord.fr\/ark:\/33518\/qcg8wh4xmrj3\/99a7d75c-e284-4cd5-8394-3f157770221c\" target=\"_blank\">Vue 178\/346<\/a><\/p>\n\n\n\n<p>(2) : ADN B Cours et Juridictions d\u2019Ancien R\u00e9gime 8984<\/p>\n\n\n\n<p>(3) : ADN NMD Noyelles 1802 1878 5 Mi 004 R 014&nbsp;<a rel=\"noreferrer noopener\" href=\"https:\/\/archivesdepartementales.lenord.fr\/ark:\/33518\/t1l02x74mbwn\/feccf723-4025-49db-890d-44fb1800024f\" target=\"_blank\">Vue 75\/840<\/a><\/p>\n\n\n\n<p>(4) : ADN 3 Q 29-13 Enregistrement Bureau d\u2019Avesnes-sur-Helpe Table des vendeurs 05\/1810-04\/1811 Acte du 20\/04\/1811<\/p>\n\n\n\n<p>(5) : ADN 3 Q 31-5 Enregistrement Bureau d\u2019Avesnes-sur-Helpe Table des baux 1813-1828 Acte du 7\/11\/1820<\/p>\n\n\n\n<p>(6) : ADN Matrices cadastrales 35 P 1012 B NB 1822 1862 : 1830 Hallez Henri<\/p>\n\n\n\n<p>(7) : ADN 3 Q 94-8 Enregistrement Bureau de Berlaimont Successions 07\/11\/1836-27\/11\/1838<\/p>\n","protected":false},"excerpt":{"rendered":"<p>Le Moulin \u00e0 vent de Noyelles-sur-Sambre : S\u00e9bastien ROGER (\u00b01735 + 1809 Taisni\u00e8res-en- Thi\u00e9rache) mari\u00e9 avec Marie Joseph LEBON (\u00b01730 Croix-Caluyau + 1803 Noyelles-sur-Sambre) est meunier \u00e0 Taisni\u00e8res-en-Thi\u00e9rache en 1780 (1). Il sollicite en 1791 l\u2019autorisation de faire b\u00e2tir un moulin \u00e0 vent sur un terrain lui appartenant \u00e0 Noyelles-sur-Sambre. Il obtient l\u2019accord aupr\u00e8s des &hellip; <a href=\"https:\/\/patrimoine-avesnois.fr\/moulins-vent\/noyelles-sur-sambre\/\" class=\"more-link\">Continuer la lecture<span class=\"screen-reader-text\"> de &laquo;&nbsp;Noyelles-sur-Sambre&nbsp;&raquo;<\/span><\/a><\/p>\n","protected":false},"author":2,"featured_media":0,"parent":0,"menu_order":0,"comment_status":"closed","ping_status":"closed","template":"","meta":{"footnotes":""},"class_list":["post-106","page","type-page","status-publish","hentry"],"jetpack_sharing_enabled":true,"_links":{"self":[{"href":"https:\/\/patrimoine-avesnois.fr\/moulins-vent\/wp-json\/wp\/v2\/pages\/106","targetHints":{"allow":["GET"]}}],"collection":[{"href":"https:\/\/patrimoine-avesnois.fr\/moulins-vent\/wp-json\/wp\/v2\/pages"}],"about":[{"href":"https:\/\/patrimoine-avesnois.fr\/moulins-vent\/wp-json\/wp\/v2\/types\/page"}],"author":[{"embeddable":true,"href":"https:\/\/patrimoine-avesnois.fr\/moulins-vent\/wp-json\/wp\/v2\/users\/2"}],"replies":[{"embeddable":true,"href":"https:\/\/patrimoine-avesnois.fr\/moulins-vent\/wp-json\/wp\/v2\/comments?post=106"}],"version-history":[{"count":1,"href":"https:\/\/patrimoine-avesnois.fr\/moulins-vent\/wp-json\/wp\/v2\/pages\/106\/revisions"}],"predecessor-version":[{"id":107,"href":"https:\/\/patrimoine-avesnois.fr\/moulins-vent\/wp-json\/wp\/v2\/pages\/106\/revisions\/107"}],"wp:attachment":[{"href":"https:\/\/patrimoine-avesnois.fr\/moulins-vent\/wp-json\/wp\/v2\/media?parent=106"}],"curies":[{"name":"wp","href":"https:\/\/api.w.org\/{rel}","templated":true}]}}

<p class="has-bright-red-color has-text-color has-medium-font-size"><strong>Le Moulin à vent de Noyelles-sur-Sambre :</strong></p>



<div class="wp-block-image"><figure class="aligncenter"><img decoding="async" src="https://i1.wp.com/patrimoine-avesnois.fr/chemin/wp-content/uploads/2021/04/Capture-6.jpg?resize=840%2C630" alt="" class="wp-image-12281"/><figcaption>Cadastre Noyelles-sur-Sambre 1812 ADN P 31 / 749 Moulin à vent S B 86&nbsp;<a rel="noreferrer noopener" href="https://archivesdepartementales.lenord.fr/ark:/33518/s1q2mk0jv4pb/163880c0-3161-4f9b-a755-425ab4485ae3" target="_blank">Vue 4/11</a></figcaption></figure></div>



<div class="wp-block-image"><figure class="aligncenter"><img decoding="async" src="https://i0.wp.com/patrimoine-avesnois.fr/chemin/wp-content/uploads/2021/04/Capture-7.jpg?resize=840%2C630" alt="" class="wp-image-12282"/><figcaption>Position fictive du Moulin à vent de Noyelles-sur-Sambre sur une carte actuelle</figcaption></figure></div>



<div class="wp-block-image"><figure class="aligncenter"><img decoding="async" src="https://i2.wp.com/patrimoine-avesnois.fr/chemin/wp-content/uploads/2021/04/Capture-8.jpg?resize=840%2C630" alt="" class="wp-image-12283"/><figcaption>Endroit où se dressait le Moulin à vent de Noyelles-sur-Sambre (derrière cette maison)&nbsp;<a href="https://www.google.fr/maps/@50.1618825,3.8041298,3a,90y,282.65h,94.96t/data=!3m6!1e1!3m4!1scXcVtUsO9RJUTr-ze-sbyg!2e0!7i16384!8i8192" target="_blank" rel="noreferrer noopener">Grand’Rue</a></figcaption></figure></div>



<p>Sébastien ROGER (°1735 + 1809 Taisnières-en- Thiérache) marié avec Marie Joseph LEBON (°1730 Croix-Caluyau + 1803 Noyelles-sur-Sambre) est meunier à Taisnières-en-Thiérache en 1780 (1). Il sollicite en 1791 l’autorisation de faire bâtir un moulin à vent sur un terrain lui appartenant à Noyelles-sur-Sambre. Il obtient l’accord auprès des administrateurs composant le Directoire du Département du Nord réunis lors de la séance du 10 Décembre 1791 à Douay (2). Son fils Thomas en est le meunier en 1808 (3). Thomas et ses sœurs Marie-Joseph, Henriette, Marie-Françoise, Gabrielle, Anne, Marie-Thérèse, Catherine vendent le moulin à vent de Noyelles en 1811 à Humbert EVRARD, propriétaire à Noyelles (4). Celui-ci (°1760 +1831) est propriétaire de la cense Renaut-Folie et il loue le moulin à Jean-Baptiste Cras en 1820 (5) avant de le vendre quelques années plus tard à Henri HALLEZ originaire de Bousies, meunier et marié avec Maxellence LELEUX (6). Henri HALLEZ décède le 8 avril 1837 à Berlaimont laissant à ses trois enfants : Henry, Adolphe Joseph René et Palmyre-Césarine la nue propriété d’une maison, d’un jardin de 8 ares et d’un moulin et l’usufruit à son épouse (7). Le moulin à vent est renversé par l’ouragan du 16 mars 1876 et le Journal L’Observateur du 26 mars qui suit annonce sa vente complet ou en pièces avec meule anglaise.</p>



<p>(1) : ADN NMD Taisnières 1793-1830 5 Mi 001 R 030 Mariage de sa fille Henriette avec Jacques Michaux&nbsp;<a rel="noreferrer noopener" href="https://archivesdepartementales.lenord.fr/ark:/33518/qcg8wh4xmrj3/99a7d75c-e284-4cd5-8394-3f157770221c" target="_blank">Vue 178/346</a></p>



<p>(2) : ADN B Cours et Juridictions d’Ancien Régime 8984</p>



<p>(3) : ADN NMD Noyelles 1802 1878 5 Mi 004 R 014&nbsp;<a rel="noreferrer noopener" href="https://archivesdepartementales.lenord.fr/ark:/33518/t1l02x74mbwn/feccf723-4025-49db-890d-44fb1800024f" target="_blank">Vue 75/840</a></p>



<p>(4) : ADN 3 Q 29-13 Enregistrement Bureau d’Avesnes-sur-Helpe Table des vendeurs 05/1810-04/1811 Acte du 20/04/1811</p>



<p>(5) : ADN 3 Q 31-5 Enregistrement Bureau d’Avesnes-sur-Helpe Table des baux 1813-1828 Acte du 7/11/1820</p>



<p>(6) : ADN Matrices cadastrales 35 P 1012 B NB 1822 1862 : 1830 Hallez Henri</p>



<p>(7) : ADN 3 Q 94-8 Enregistrement Bureau de Berlaimont Successions 07/11/1836-27/11/1838</p>

<p>Le Moulin à vent de Noyelles-sur-Sambre : Sébastien ROGER (°1735 + 1809 Taisnières-en- Thiérache) marié avec Marie Joseph LEBON (°1730 Croix-Caluyau + 1803 Noyelles-sur-Sambre) est meunier à Taisnières-en-Thiérache en 1780 (1). Il sollicite en 1791 l’autorisation de faire bâtir un moulin à vent sur un terrain lui appartenant à Noyelles-sur-Sambre. Il obtient l’accord auprès des &hellip; <a href="https://patrimoine-avesnois.fr/moulins-vent/noyelles-sur-sambre/" class="more-link">Continuer la lecture<span class="screen-reader-text"> de &laquo;&nbsp;Noyelles-sur-Sambre&nbsp;&raquo;</span></a></p>
