{"id":108,"date":"2021-05-04T12:38:37","date_gmt":"2021-05-04T10:38:37","guid":{"rendered":"http:\/\/patrimoine-avesnois.fr\/moulins-vent\/?page_id=108"},"modified":"2021-05-04T12:38:37","modified_gmt":"2021-05-04T10:38:37","slug":"obies","status":"publish","type":"page","link":"https:\/\/patrimoine-avesnois.fr\/moulins-vent\/obies\/","title":{"rendered":"Obies"},"content":{"rendered":"\n<p class=\"has-bright-red-color has-text-color has-medium-font-size\"><strong>Le Moulin \u00e0 vent d\u2019Obies :<\/strong><\/p>\n\n\n\n<div class=\"wp-block-image\"><figure class=\"aligncenter\"><img decoding=\"async\" src=\"https:\/\/i0.wp.com\/patrimoine-avesnois.fr\/chemin\/wp-content\/uploads\/2021\/04\/Capture-12.jpg?resize=840%2C630\" alt=\"\" class=\"wp-image-12293\"\/><figcaption>Cadastre Obies 1831 ADN P 31 \/ 750 Rue du Moulin&nbsp;<a href=\"https:\/\/archivesdepartementales.lenord.fr\/ark:\/33518\/zm2v5rlck4bj\/01854212-0ea2-4187-bd15-427a4476e4fc\" target=\"_blank\" rel=\"noreferrer noopener\">Vue 4\/16<\/a><\/figcaption><\/figure><\/div>\n\n\n\n<div class=\"wp-block-image\"><figure class=\"aligncenter\"><img decoding=\"async\" src=\"https:\/\/i1.wp.com\/patrimoine-avesnois.fr\/chemin\/wp-content\/uploads\/2021\/04\/Capture-13.jpg?resize=840%2C630\" alt=\"\" class=\"wp-image-12294\"\/><figcaption>Le Moulin \u00e0 vent \u00e9tait situ\u00e9 Rue du Moulin devenue de nos jours Rue du Cimeti\u00e8re. Position approximative car d\u00e9j\u00e0 disparu sur le cadastre de l\u2019An 12<\/figcaption><\/figure><\/div>\n\n\n\n<p>Un moulin \u00e0 vent \u00e0 Obies est vendu en 1793 par Pierre MORET, juge au tribunal du district de Le Quesnoy \u00e0 Fran\u00e7ois Bois de Frasnoy (1). Il n\u2019est pas sur le cadastre de l\u2019An 12 et a probablement \u00e9t\u00e9 la cible des&nbsp;arm\u00e9es r\u00e9volutionnaires fran\u00e7aises et des troupes autrichiennes en 1793.<\/p>\n\n\n\n<p>En consultant la S\u00e9rie S lors de mon \u00e9tude sur les moulins \u00e0 eau en Avesnois (1) j\u2019ai pu lire le dossier n\u00b0 5964 relatif \u00e0 une demande de construction en 1803 d\u2019un moulin \u00e0 vent \u00e0 \u00e9riger sur la commune d\u2019Obies au lieu-dit Le Bavisiau. Elle \u00e9mane de Benoni Joseph DELVALL\u00c9E qui est le locataire du moulin \u00e0 eau de Mecquignies. Selon le meunier cette requ\u00eate du 20 Vend\u00e9miaire An 12 adress\u00e9 au Sous-Pr\u00e9fet est motiv\u00e9e par le fait que son moulin \u00e0 eau tourne tr\u00e8s peu depuis deux ans \u00e0 cause du manque d\u2019eau. Le 27 Brumaire il est demand\u00e9 au p\u00e9titionnaire de pr\u00e9ciser la distance qui s\u00e9parerait le moulin des chauss\u00e9es (Pour rappel une distance de 70 m\u00e8tres est demand\u00e9e \u00e0 cette \u00e9poque). Le 5 Frimaire le Sous-Pr\u00e9fet \u00e9met un avis favorable et l\u2019arr\u00eat\u00e9 est dress\u00e9 le 30 Niv\u00f4se soit le 21 Janvier 1804. Il n\u2019est cependant pas sur le cadastre de 1805 et n\u2019a probablement jamais \u00e9t\u00e9 \u00e9rig\u00e9. Benoni DELVALL\u00c9E souhaitait lors de sa demande le situer \u00e0 proximit\u00e9 ou en direction de l\u2019emplacement de l\u2019ancien moulin \u00e0 vent indiqu\u00e9 ci-dessus.<\/p>\n\n\n\n<p>(1) : ADN 3 Q 406-2 Enregistrement Bureau Le Quesnoy Table des vendeurs 1791-1793 Acte du 15\/06\/1793<\/p>\n\n\n\n<p>(2) : Voir mon site&nbsp;<a rel=\"noreferrer noopener\" href=\"http:\/\/www.moulins-avesnois.fr\/\" target=\"_blank\">Moulins en avenois au fil de l\u2019Eau<\/a><\/p>\n","protected":false},"excerpt":{"rendered":"<p>Le Moulin \u00e0 vent d\u2019Obies : Un moulin \u00e0 vent \u00e0 Obies est vendu en 1793 par Pierre MORET, juge au tribunal du district de Le Quesnoy \u00e0 Fran\u00e7ois Bois de Frasnoy (1). Il n\u2019est pas sur le cadastre de l\u2019An 12 et a probablement \u00e9t\u00e9 la cible des&nbsp;arm\u00e9es r\u00e9volutionnaires fran\u00e7aises et des troupes autrichiennes &hellip; <a href=\"https:\/\/patrimoine-avesnois.fr\/moulins-vent\/obies\/\" class=\"more-link\">Continuer la lecture<span class=\"screen-reader-text\"> de &laquo;&nbsp;Obies&nbsp;&raquo;<\/span><\/a><\/p>\n","protected":false},"author":2,"featured_media":0,"parent":0,"menu_order":0,"comment_status":"closed","ping_status":"closed","template":"","meta":{"footnotes":""},"class_list":["post-108","page","type-page","status-publish","hentry"],"jetpack_sharing_enabled":true,"_links":{"self":[{"href":"https:\/\/patrimoine-avesnois.fr\/moulins-vent\/wp-json\/wp\/v2\/pages\/108","targetHints":{"allow":["GET"]}}],"collection":[{"href":"https:\/\/patrimoine-avesnois.fr\/moulins-vent\/wp-json\/wp\/v2\/pages"}],"about":[{"href":"https:\/\/patrimoine-avesnois.fr\/moulins-vent\/wp-json\/wp\/v2\/types\/page"}],"author":[{"embeddable":true,"href":"https:\/\/patrimoine-avesnois.fr\/moulins-vent\/wp-json\/wp\/v2\/users\/2"}],"replies":[{"embeddable":true,"href":"https:\/\/patrimoine-avesnois.fr\/moulins-vent\/wp-json\/wp\/v2\/comments?post=108"}],"version-history":[{"count":1,"href":"https:\/\/patrimoine-avesnois.fr\/moulins-vent\/wp-json\/wp\/v2\/pages\/108\/revisions"}],"predecessor-version":[{"id":109,"href":"https:\/\/patrimoine-avesnois.fr\/moulins-vent\/wp-json\/wp\/v2\/pages\/108\/revisions\/109"}],"wp:attachment":[{"href":"https:\/\/patrimoine-avesnois.fr\/moulins-vent\/wp-json\/wp\/v2\/media?parent=108"}],"curies":[{"name":"wp","href":"https:\/\/api.w.org\/{rel}","templated":true}]}}

<p class="has-bright-red-color has-text-color has-medium-font-size"><strong>Le Moulin à vent d’Obies :</strong></p>



<div class="wp-block-image"><figure class="aligncenter"><img decoding="async" src="https://i0.wp.com/patrimoine-avesnois.fr/chemin/wp-content/uploads/2021/04/Capture-12.jpg?resize=840%2C630" alt="" class="wp-image-12293"/><figcaption>Cadastre Obies 1831 ADN P 31 / 750 Rue du Moulin&nbsp;<a href="https://archivesdepartementales.lenord.fr/ark:/33518/zm2v5rlck4bj/01854212-0ea2-4187-bd15-427a4476e4fc" target="_blank" rel="noreferrer noopener">Vue 4/16</a></figcaption></figure></div>



<div class="wp-block-image"><figure class="aligncenter"><img decoding="async" src="https://i1.wp.com/patrimoine-avesnois.fr/chemin/wp-content/uploads/2021/04/Capture-13.jpg?resize=840%2C630" alt="" class="wp-image-12294"/><figcaption>Le Moulin à vent était situé Rue du Moulin devenue de nos jours Rue du Cimetière. Position approximative car déjà disparu sur le cadastre de l’An 12</figcaption></figure></div>



<p>Un moulin à vent à Obies est vendu en 1793 par Pierre MORET, juge au tribunal du district de Le Quesnoy à François Bois de Frasnoy (1). Il n’est pas sur le cadastre de l’An 12 et a probablement été la cible des&nbsp;armées révolutionnaires françaises et des troupes autrichiennes en 1793.</p>



<p>En consultant la Série S lors de mon étude sur les moulins à eau en Avesnois (1) j’ai pu lire le dossier n° 5964 relatif à une demande de construction en 1803 d’un moulin à vent à ériger sur la commune d’Obies au lieu-dit Le Bavisiau. Elle émane de Benoni Joseph DELVALLÉE qui est le locataire du moulin à eau de Mecquignies. Selon le meunier cette requête du 20 Vendémiaire An 12 adressé au Sous-Préfet est motivée par le fait que son moulin à eau tourne très peu depuis deux ans à cause du manque d’eau. Le 27 Brumaire il est demandé au pétitionnaire de préciser la distance qui séparerait le moulin des chaussées (Pour rappel une distance de 70 mètres est demandée à cette époque). Le 5 Frimaire le Sous-Préfet émet un avis favorable et l’arrêté est dressé le 30 Nivôse soit le 21 Janvier 1804. Il n’est cependant pas sur le cadastre de 1805 et n’a probablement jamais été érigé. Benoni DELVALLÉE souhaitait lors de sa demande le situer à proximité ou en direction de l’emplacement de l’ancien moulin à vent indiqué ci-dessus.</p>



<p>(1) : ADN 3 Q 406-2 Enregistrement Bureau Le Quesnoy Table des vendeurs 1791-1793 Acte du 15/06/1793</p>



<p>(2) : Voir mon site&nbsp;<a rel="noreferrer noopener" href="http://www.moulins-avesnois.fr/" target="_blank">Moulins en avenois au fil de l’Eau</a></p>

<p>Le Moulin à vent d’Obies : Un moulin à vent à Obies est vendu en 1793 par Pierre MORET, juge au tribunal du district de Le Quesnoy à François Bois de Frasnoy (1). Il n’est pas sur le cadastre de l’An 12 et a probablement été la cible des&nbsp;armées révolutionnaires françaises et des troupes autrichiennes &hellip; <a href="https://patrimoine-avesnois.fr/moulins-vent/obies/" class="more-link">Continuer la lecture<span class="screen-reader-text"> de &laquo;&nbsp;Obies&nbsp;&raquo;</span></a></p>
