{"id":64,"date":"2021-05-04T11:58:01","date_gmt":"2021-05-04T09:58:01","guid":{"rendered":"http:\/\/patrimoine-avesnois.fr\/moulins-vent\/?page_id=64"},"modified":"2021-05-04T11:58:01","modified_gmt":"2021-05-04T09:58:01","slug":"frasnoy","status":"publish","type":"page","link":"https:\/\/patrimoine-avesnois.fr\/moulins-vent\/frasnoy\/","title":{"rendered":"Frasnoy"},"content":{"rendered":"\n<p class=\"has-bright-red-color has-text-color has-medium-font-size\"><strong>Le Moulin \u00e0 vent de Frasnoy :<\/strong><\/p>\n\n\n\n<div class=\"wp-block-image\"><figure class=\"aligncenter\"><img decoding=\"async\" src=\"https:\/\/i2.wp.com\/patrimoine-avesnois.fr\/chemin\/wp-content\/uploads\/2021\/03\/Capture-67.jpg?resize=840%2C630\" alt=\"\" class=\"wp-image-12064\"\/><figcaption>Cadastre consulaire de Franoy An 13 ADN P 30 \/ 140 S B 54&nbsp;<a rel=\"noreferrer noopener\" href=\"https:\/\/archivesdepartementales.lenord.fr\/ark:\/33518\/m6xc0pnlsqv5\/d8ae0d63-4ad0-489e-a964-bc472128e3d2\" target=\"_blank\">Vue 2\/3<\/a><\/figcaption><\/figure><\/div>\n\n\n\n<div class=\"wp-block-image\"><figure class=\"aligncenter\"><img decoding=\"async\" src=\"https:\/\/i1.wp.com\/patrimoine-avesnois.fr\/chemin\/wp-content\/uploads\/2021\/03\/Capture-69.jpg?resize=840%2C630\" alt=\"\" class=\"wp-image-12066\"\/><figcaption>Cadastre Frasnoy 1826 ADN P 31 \/ 708 S B 498&nbsp;<a href=\"https:\/\/archivesdepartementales.lenord.fr\/ark:\/33518\/n1fsv582gxk4\/5856dfe8-63d4-43fa-bd0d-185c2c8eea71\" target=\"_blank\" rel=\"noreferrer noopener\">Vue 6\/11<\/a><\/figcaption><\/figure><\/div>\n\n\n\n<div class=\"wp-block-image\"><figure class=\"aligncenter\"><img decoding=\"async\" src=\"https:\/\/i1.wp.com\/patrimoine-avesnois.fr\/chemin\/wp-content\/uploads\/2021\/03\/Capture-70.jpg?fit=840%2C630\" alt=\"\" class=\"wp-image-12067\"\/><figcaption>Position fictive du moulin de Frasnoy sur une carte actuelle<\/figcaption><\/figure><\/div>\n\n\n\n<div class=\"wp-block-image\"><figure class=\"aligncenter\"><img decoding=\"async\" src=\"https:\/\/i0.wp.com\/patrimoine-avesnois.fr\/chemin\/wp-content\/uploads\/2021\/03\/Capture-73.jpg?resize=840%2C630\" alt=\"\" class=\"wp-image-12070\"\/><figcaption>Endroit o\u00f9 se dressait le moulin \u00e0 vent de Frasnoy&nbsp;<a href=\"https:\/\/www.google.fr\/maps\/@50.2681109,3.6702814,3a,90y,223.04h,69.69t\/data=!3m6!1e1!3m4!1sO_KcWZkWeN_xi_-vnZ9c_A!2e0!7i16384!8i8192\" target=\"_blank\" rel=\"noreferrer noopener\">Chemin de Villers Pol<\/a><\/figcaption><\/figure><\/div>\n\n\n\n<p>Le moulin \u00e0 vent de Frasnoy a \u00e9t\u00e9 d\u00e9plac\u00e9 deux fois sur la commune. Une premi\u00e8re fois en 1780 \u00e0 la demande de sieur MANESSE (1) (2). On le retrouve sur le cadastre de l\u2019An 13 \u00e0 la section B 54. En 1803 le moulin est d\u00e9tenu par un d\u00e9nomm\u00e9 PREVOST qui le loue \u00e0 un d\u00e9nomm\u00e9 Briss0n (3). Les recherches ne m\u2019ont pas permis d\u2019identifier le pr\u00e9nom de ce propri\u00e9taire. Sur le cadastre de 1826 le moulin a \u00e9t\u00e9 d\u00e9plac\u00e9 de 500 m\u00e8tres sur le m\u00eame chemin de Villers-Pol \u00e0 Frasnoy. Ce moulin \u00e0 vent \u00e0 farine appartient \u00e0 Charles Joseph DELCROIX qu\u2019il occupe. Les propri\u00e9taires successifs sont en 1836 Fran\u00e7ois RICHARD, meunier \u00e0 Frasnoy d\u00e9c\u00e9d\u00e9 le 24 janvier 1845, en 1848 ses h\u00e9ritiers, en 1855 Ferdinand CARPENTIER, meunier \u00e0 Frasnoy, en 1869 Constantin MICHAUX (mari\u00e9 \u00e0 Euph\u00e9mie DURIEUX (5)), cultivateur \u00e0 Artres puis meunier \u00e0 Frasnoy (6). Il est d\u00e9moli en 1888 (6).<\/p>\n\n\n\n<p>(1) : ADN C 16818<\/p>\n\n\n\n<p>(2) : Il pourrait bien s\u2019agir de Michel MANESSE (\u00b0 1733 Gommegnies + 1821 Frasnoy) censier de Frasnoy, dont le p\u00e8re Thomas a une pierre tombale dans la nef de l\u2019\u00e9glise et dont le grand-p\u00e8re Andr\u00e9 \u00e9tait meunier \u00e0 Le Favril<\/p>\n\n\n\n<p>(3) : ADN 3 Q 409-4 Enregistrement Bureau Le Quesnoy Table des baux An 7 1806 Acte du 29 fructodor An 11)<\/p>\n\n\n\n<p>(4) : Selon les BMS et NMD Charles DELCROIX est n\u00e9 en 1758 \u00e0 Gommegnies, se marie \u00e0 Frasnoy en 1786 avec Marie Barbe CHANDELIER. Il est tisserand et d\u00e9c\u00e8de en 1854 \u00e0 son domicile Grande rue. Il aurait donc vendu le moulin Fran\u00e7ois RICHARD<\/p>\n\n\n\n<p>(5) Nom de l\u2019\u00e9pouse donn\u00e9 par acte de naissance de leur fils Gustave L\u00e9on en date du 18\/03\/1875 ADN NMD 1871 1885&nbsp;<a href=\"https:\/\/archivesdepartementales.lenord.fr\/ark:\/33518\/9pbfsxnc0g6w\/c9a4577b-caf3-4e26-ae23-3f18ebed31d4\" target=\"_blank\" rel=\"noreferrer noopener\">Vue 57\/85<\/a><\/p>\n\n\n\n<p>(6) : ADN 35 P 630 B NB 1828 1897<\/p>\n","protected":false},"excerpt":{"rendered":"<p>Le Moulin \u00e0 vent de Frasnoy : Le moulin \u00e0 vent de Frasnoy a \u00e9t\u00e9 d\u00e9plac\u00e9 deux fois sur la commune. Une premi\u00e8re fois en 1780 \u00e0 la demande de sieur MANESSE (1) (2). On le retrouve sur le cadastre de l\u2019An 13 \u00e0 la section B 54. En 1803 le moulin est d\u00e9tenu par &hellip; <a href=\"https:\/\/patrimoine-avesnois.fr\/moulins-vent\/frasnoy\/\" class=\"more-link\">Continuer la lecture<span class=\"screen-reader-text\"> de &laquo;&nbsp;Frasnoy&nbsp;&raquo;<\/span><\/a><\/p>\n","protected":false},"author":2,"featured_media":0,"parent":0,"menu_order":0,"comment_status":"closed","ping_status":"closed","template":"","meta":{"footnotes":""},"class_list":["post-64","page","type-page","status-publish","hentry"],"jetpack_sharing_enabled":true,"_links":{"self":[{"href":"https:\/\/patrimoine-avesnois.fr\/moulins-vent\/wp-json\/wp\/v2\/pages\/64","targetHints":{"allow":["GET"]}}],"collection":[{"href":"https:\/\/patrimoine-avesnois.fr\/moulins-vent\/wp-json\/wp\/v2\/pages"}],"about":[{"href":"https:\/\/patrimoine-avesnois.fr\/moulins-vent\/wp-json\/wp\/v2\/types\/page"}],"author":[{"embeddable":true,"href":"https:\/\/patrimoine-avesnois.fr\/moulins-vent\/wp-json\/wp\/v2\/users\/2"}],"replies":[{"embeddable":true,"href":"https:\/\/patrimoine-avesnois.fr\/moulins-vent\/wp-json\/wp\/v2\/comments?post=64"}],"version-history":[{"count":1,"href":"https:\/\/patrimoine-avesnois.fr\/moulins-vent\/wp-json\/wp\/v2\/pages\/64\/revisions"}],"predecessor-version":[{"id":65,"href":"https:\/\/patrimoine-avesnois.fr\/moulins-vent\/wp-json\/wp\/v2\/pages\/64\/revisions\/65"}],"wp:attachment":[{"href":"https:\/\/patrimoine-avesnois.fr\/moulins-vent\/wp-json\/wp\/v2\/media?parent=64"}],"curies":[{"name":"wp","href":"https:\/\/api.w.org\/{rel}","templated":true}]}}