{"id":86,"date":"2021-05-04T12:21:18","date_gmt":"2021-05-04T10:21:18","guid":{"rendered":"http:\/\/patrimoine-avesnois.fr\/moulins-vent\/?page_id=86"},"modified":"2021-05-04T12:21:18","modified_gmt":"2021-05-04T10:21:18","slug":"liessies","status":"publish","type":"page","link":"https:\/\/patrimoine-avesnois.fr\/moulins-vent\/liessies\/","title":{"rendered":"Liessies"},"content":{"rendered":"\n<p class=\"has-bright-red-color has-text-color has-medium-font-size\"><strong>Le Moulin \u00e0 vent de Liessies :<\/strong><\/p>\n\n\n\n<div class=\"wp-block-image\"><figure class=\"aligncenter\"><img decoding=\"async\" src=\"https:\/\/i2.wp.com\/patrimoine-avesnois.fr\/chemin\/wp-content\/uploads\/2021\/03\/Capture-142.jpg?resize=840%2C629\" alt=\"\" class=\"wp-image-12205\"\/><figcaption>Endroit approximatif o\u00f9 se dressait le moulin \u00e0 vent de Liessies&nbsp;<a rel=\"noreferrer noopener\" href=\"https:\/\/www.google.fr\/maps\/@50.1137836,4.0715336,3a,90y,188.62h,70.99t\/data=!3m6!1e1!3m4!1sn48mKg7LCMThEG2na9hVDw!2e0!7i16384!8i8192\" target=\"_blank\">D 133<\/a>&nbsp;Rue Cl\u00e9menceau Liessies<\/figcaption><\/figure><\/div>\n\n\n\n<p>L\u2019abbaye de Liessies poss\u00e8de un moulin \u00e0 vent \u00e9rig\u00e9 \u00e0 proximit\u00e9 de l\u2019oratoire Ste Hiltrude. Il est autoris\u00e9 par permission du 7 Novembre 1786 (1). Il n\u2019est pas signal\u00e9 dans l\u2019enqu\u00eate de 1809 (2). Il a peut \u00eatre \u00e9t\u00e9 saccag\u00e9 \u00e0 la R\u00e9volution.<\/p>\n\n\n\n<p>(1) : ADN S\u00e9rie 9 H<\/p>\n\n\n\n<p>(2) : Energie et Subsistances Enqu\u00eates sur les moulins \u00e0 bl\u00e9 An II 1809 Inventaire Archives Nationales 21110<\/p>\n","protected":false},"excerpt":{"rendered":"<p>Le Moulin \u00e0 vent de Liessies : L\u2019abbaye de Liessies poss\u00e8de un moulin \u00e0 vent \u00e9rig\u00e9 \u00e0 proximit\u00e9 de l\u2019oratoire Ste Hiltrude. Il est autoris\u00e9 par permission du 7 Novembre 1786 (1). Il n\u2019est pas signal\u00e9 dans l\u2019enqu\u00eate de 1809 (2). Il a peut \u00eatre \u00e9t\u00e9 saccag\u00e9 \u00e0 la R\u00e9volution. (1) : ADN S\u00e9rie 9 &hellip; <a href=\"https:\/\/patrimoine-avesnois.fr\/moulins-vent\/liessies\/\" class=\"more-link\">Continuer la lecture<span class=\"screen-reader-text\"> de &laquo;&nbsp;Liessies&nbsp;&raquo;<\/span><\/a><\/p>\n","protected":false},"author":2,"featured_media":0,"parent":0,"menu_order":0,"comment_status":"closed","ping_status":"closed","template":"","meta":{"footnotes":""},"class_list":["post-86","page","type-page","status-publish","hentry"],"jetpack_sharing_enabled":true,"_links":{"self":[{"href":"https:\/\/patrimoine-avesnois.fr\/moulins-vent\/wp-json\/wp\/v2\/pages\/86","targetHints":{"allow":["GET"]}}],"collection":[{"href":"https:\/\/patrimoine-avesnois.fr\/moulins-vent\/wp-json\/wp\/v2\/pages"}],"about":[{"href":"https:\/\/patrimoine-avesnois.fr\/moulins-vent\/wp-json\/wp\/v2\/types\/page"}],"author":[{"embeddable":true,"href":"https:\/\/patrimoine-avesnois.fr\/moulins-vent\/wp-json\/wp\/v2\/users\/2"}],"replies":[{"embeddable":true,"href":"https:\/\/patrimoine-avesnois.fr\/moulins-vent\/wp-json\/wp\/v2\/comments?post=86"}],"version-history":[{"count":1,"href":"https:\/\/patrimoine-avesnois.fr\/moulins-vent\/wp-json\/wp\/v2\/pages\/86\/revisions"}],"predecessor-version":[{"id":87,"href":"https:\/\/patrimoine-avesnois.fr\/moulins-vent\/wp-json\/wp\/v2\/pages\/86\/revisions\/87"}],"wp:attachment":[{"href":"https:\/\/patrimoine-avesnois.fr\/moulins-vent\/wp-json\/wp\/v2\/media?parent=86"}],"curies":[{"name":"wp","href":"https:\/\/api.w.org\/{rel}","templated":true}]}}

<p class="has-bright-red-color has-text-color has-medium-font-size"><strong>Le Moulin à vent de Liessies :</strong></p>



<div class="wp-block-image"><figure class="aligncenter"><img decoding="async" src="https://i2.wp.com/patrimoine-avesnois.fr/chemin/wp-content/uploads/2021/03/Capture-142.jpg?resize=840%2C629" alt="" class="wp-image-12205"/><figcaption>Endroit approximatif où se dressait le moulin à vent de Liessies&nbsp;<a rel="noreferrer noopener" href="https://www.google.fr/maps/@50.1137836,4.0715336,3a,90y,188.62h,70.99t/data=!3m6!1e1!3m4!1sn48mKg7LCMThEG2na9hVDw!2e0!7i16384!8i8192" target="_blank">D 133</a>&nbsp;Rue Clémenceau Liessies</figcaption></figure></div>



<p>L’abbaye de Liessies possède un moulin à vent érigé à proximité de l’oratoire Ste Hiltrude. Il est autorisé par permission du 7 Novembre 1786 (1). Il n’est pas signalé dans l’enquête de 1809 (2). Il a peut être été saccagé à la Révolution.</p>



<p>(1) : ADN Série 9 H</p>



<p>(2) : Energie et Subsistances Enquêtes sur les moulins à blé An II 1809 Inventaire Archives Nationales 21110</p>

<p>Le Moulin à vent de Liessies : L’abbaye de Liessies possède un moulin à vent érigé à proximité de l’oratoire Ste Hiltrude. Il est autorisé par permission du 7 Novembre 1786 (1). Il n’est pas signalé dans l’enquête de 1809 (2). Il a peut être été saccagé à la Révolution. (1) : ADN Série 9 &hellip; <a href="https://patrimoine-avesnois.fr/moulins-vent/liessies/" class="more-link">Continuer la lecture<span class="screen-reader-text"> de &laquo;&nbsp;Liessies&nbsp;&raquo;</span></a></p>
